is divided by h?
12
Let u = -3 + 4. Suppose 0 = -2*t + 3*k + 123, -5*k + u = t - 28. Suppose -i - t = -2*d + 3*i, 4*d = -3*i + 53. Calculate the remainder when d is divided by 6.
5
Suppose 12 - 32 = -4*i. Suppose 2*h - u + 6 = 3*h, 2*u = 3*h - 28. What is the remainder when h is divided by i?
3
Let k = -9 + 4. Let z = 22 + k. Calculate the remainder when z is divided by 5.
2
Suppose -4*y + 116 = 4*t, 5*y - 4*t - 160 = -15. Suppose 3*n - 7 = -l + y, 5*n = 4*l - 93. Calculate the remainder when l is divided by 7.
6
Let b(k) = 2*k**2 + 5*k - 3. What is the remainder when 41 is divided by b(-5)?
19
Let v be (1/2)/((-7)/(-14)). Suppose 11 = 4*h - v. What is the remainder when 7 is divided by h?
1
Suppose -30 = -0*l - 3*l. Let h = l + 2. Let o = 48 + -13. Calculate the remainder when o is divided by h.
11
Suppose 14 = -2*j + 3*j. Suppose -3*o - g = -77, 0 = 3*g + g + 4. Calculate the remainder when o is divided by j.
12
Let h(n) = 14*n**2 - 2*n - 2. Let v be h(-2). Let s = -40 + v. Calculate the remainder when 51 is divided by s.
15
Let m be -1 + -1 - (2 + -16). Let w be 3/m + (-46)/(-8). Let b(l) = l**3 - 5*l**2 - 6*l + 3. Calculate the remainder when 4 is divided by b(w).
1
Let t be 4/(-3)*9/(-6). Suppose 1 = b + t, 5*b = 4*u - 77. Let f = -8 + 13. What is the remainder when u is divided by f?
3
Let d(q) = 3*q**2 + 36*q + 15. Calculate the remainder when d(-15) is divided by 19.
17
Let b be 8/(-24) - 58/6. Let o(n) = 11*n - 1. Calculate the remainder when 3/(-2) - 195/b is divided by o(1).
8
Let h = 82 + 37. What is the remainder when h is divided by 30?
29
Suppose -3*j + a + 267 = 0, 2*j - 46 - 119 = 5*a. What is the remainder when j is divided by 13?
12
Let a = -3 + 2. Let u be a + -1*(-4 + 2). Let i = 5 + u. What is the remainder when 10 is divided by i?
4
Let i be 6/((-6)/2) + -58. Let l = i - -177. Suppose 3*h + 3*s = l, 5*s = 2*h + h - 157. What is the remainder when h is divided by 15?
14
Let t(j) = j - 4. Let l be t(6). What is the remainder when 25 is divided by (l - -11)*(-5 + 6)?
12
Let w = 23 + -2. Suppose -4*j = -7 - w. Suppose o = 18 + 2. What is the remainder when o is divided by j?
6
Let l(s) = -s**2 - 9*s + 1. Let q be l(-7). Let i(r) = -24*r + 24*r + 1 + q*r**3 - r**2. Calculate the remainder when 59 is divided by i(1).
14
Let b be (-5)/(-1) + (0 - 2). Suppose -h + 36 = b*h. Calculate the remainder when 16 is divided by h.
7
Let n(j) = -j - 25. Let m(y) = -y + 1. Let r(f) = -4*m(f) + n(f). Suppose 16 = 4*d - 0*d. Calculate the remainder when r(12) is divided by d.
3
Suppose -4*b + 12 = 4. Suppose 17 = 3*d + 5. Suppose d*z = -0*f + f + 6, -b*f + 4*z + 8 = 0. Calculate the remainder when 26 is divided by f.
12
Suppose -5*k = 25, 3*s + 8 = -4*k - 0. Suppose -4 = -m - 2*c, s*m - 5*c - 6 = -3. Calculate the remainder when 3 is divided by m.
1
Suppose -3*x + 25 = -s, -3*x = -0*s + 5*s - 37. What is the remainder when (-20)/2*14/(-4) is divided by x?
8
Let i(g) = 2*g**3 - 3*g**2 - g - 4. Suppose -5 = 3*j - 14. Let m be i(j). Calculate the remainder when 17 is divided by ((-36)/m)/((-1)/5).
8
Suppose -4*v = 3*w - 4, 3*w - 6 = -w - 5*v. Calculate the remainder when 10 is divided by w.
2
Suppose 6*n - 95 - 67 = 0. Calculate the remainder when n is divided by 6.
3
Let x = -5 + 19. Calculate the remainder when 68 is divided by x.
12
Suppose 0 = -7*w + 2*w - 270. Let q = 89 + w. What is the remainder when q is divided by 9?
8
Let a(r) = -r**3 + 5*r**2 - r - 4. Suppose 0*u + 27 = -3*u. Let f(k) = -k - 4. What is the remainder when a(4) is divided by f(u)?
3
Let z(q) = -q**3 + q**2 + q - 16. Let a be z(0). Let n = a + 39. What is the remainder when n is divided by 12?
11
Let d(n) = -4*n - 2. Let v(u) = 5*u + 1. Let o(j) = -4*d(j) - 3*v(j). Calculate the remainder when o(-3) is divided by 2.
0
Let c(h) = -17*h**2 + 21*h**2 + 27*h**2 + 2*h + 1. What is the remainder when c(-1) is divided by 8?
6
Suppose 0 = -5*s - 3*a + 6, 4*a = 5*s + 5 - 32. Suppose 0 = 4*t - s*t - 38. Calculate the remainder when t is divided by 10.
8
Calculate the remainder when 65 is divided by (1 + 50)*(-4)/(-12).
14
Calculate the remainder when 18 is divided by (4 + -3)/1 + 4.
3
Suppose -9*a + 0*a = -351. Calculate the remainder when a is divided by 14.
11
Suppose 3*m - 231 = -0*m. What is the remainder when m is divided by 1/((2/(-10))/((-39)/15))?
12
Suppose 0 = -q - 4*f - 10, q - 2*f = f + 11. Calculate the remainder when 2 is divided by q.
0
Suppose 2*k + 2*x - 70 = 0, 6*k - 97 = 3*k + 5*x. Let y = k + -21. What is the remainder when 23 is divided by y?
10
Suppose -6*y = -2*y + 4. Let a = 2 + y. Let x = 4 + -3. Calculate the remainder when x is divided by a.
0
Suppose -x - 4*x - 2*a = -129, 0 = 3*x + 3*a - 72. Calculate the remainder when x is divided by (-148)/(-15) - 16/(-120).
7
Suppose -199*y = -206*y + 42. Suppose 48 = 4*n + 4*l, -3*n + 5*l = -0*n - 68. Calculate the remainder when n is divided by y.
4
Let u be -2 - (0 - (-298)/(-2)). Suppose 5*n - u = -3*r, 41 - 7 = n - 4*r. What is the remainder when n is divided by 16 - ((-8)/(-2) + -4)?
14
Suppose 0 = 5*w - 3*b - 10, -2*w = 5*b - 14 - 21. Calculate the remainder when (-38)/(-2)*(0 - -1) is divided by w.
4
Let n(x) = x**2 + 9*x. Let h be n(-9). Suppose -5*y - 4*q + 30 = h, 32 - 5 = y + 5*q. Calculate the remainder when 2 is divided by y.
0
Let m(q) = 12*q**3 + q - 1. Calculate the remainder when 20 is divided by m(1).
8
Suppose 2*g + 3 = 1, 4*k - 3*g - 307 = 0. Suppose 0 = -2*i + k + 10. Let v(t) = -5*t - 14. What is the remainder when i is divided by v(-5)?
10
Let d = 4 + -3. Suppose -2*h - 145 = 3*h. Calculate the remainder when ((-3)/(-3) - h)/d is divided by 16.
14
Let u be 8/(-2) - (-3 - 3). Suppose -5*j + 3*f + 48 = -23, 0 = j - u*f - 17. What is the remainder when j is divided by 7?
6
Let j(m) = -m**2 - m - 14. Let n be j(0). Calculate the remainder when 26 is divided by n*(-1 - 2)/6.
5
Let j be 49 - (-2 + 3 + -2). Suppose 0 = 4*g - j - 6. Calculate the remainder when g is divided by 8.
6
Suppose 0 = -3*t - 6*t + 918. Calculate the remainder when t is divided by 26.
24
Let f = 21 - 13. Let x = 9 + -5. Suppose 2*n - x*n = -44. Calculate the remainder when n is divided by f.
6
Suppose 3*b - 6 = 0, -b - 95 + 10 = -3*z. Let y(l) = l**3 + 5*l**2 - l + 5. Suppose u = -0*u - 5. What is the remainder when z is divided by y(u)?
9
Let b(z) = -z**3 + 18*z**2 - 17*z + 8. Calculate the remainder when 47 is divided by b(17).
7
Let a(v) = v**3 + 13*v**2 + 8*v + 10. Let y be a(-12). Let x = y + -29. Calculate the remainder when x is divided by 15.
14
Suppose n = 6*n - 15. Suppose q - 30 = 2*w, n*q - 8*q - w + 139 = 0. Let d(i) = -i**2 + 6*i + 2. What is the remainder when q is divided by d(4)?
8
Suppose 0 = 3*a - p - 40, 0*a - 4*a - 2*p = -60. Let b(x) = x + 4. Let z be b(-4). Suppose -4*v - 10 + 42 = z. What is the remainder when a is divided by v?
6
Let l = -1 - 8. Let x = l - -17. What is the remainder when 14 is divided by x?
6
Let h be (1 + (0 - -2))*1. Suppose -y = -h*n - 0*y + 198, 4*n - 3*y = 264. What is the remainder when n is divided by 17?
15
Suppose -3*c + 22 = -4*k, -3*c + 0*k + 14 = 4*k. What is the remainder when c is divided by 4?
2
Let d = 49 - 34. Calculate the remainder when d is divided by 8.
7
Let v(o) = -333*o**3 + 2*o**2 - 2*o - 3. What is the remainder when v(-1) is divided by 42?
40
Suppose -3*b - 6 = -4*z, -15 = 2*b - 5*b - 3*z. Calculate the remainder when 6 is divided by b.
0
What is the remainder when ((-3)/(-9))/((-4)/(-444)) is divided by 10?
7
Suppose -148*h + 151*h = 291. Suppose 3*b = -4*t + 91, -2*t = b - 18 - 29. Calculate the remainder when h is divided by t.
22
Suppose 3*h - 5*y - 41 = 0, 2*h = -y - 4*y + 69. Calculate the remainder when h is divided by 5.
2
Let m(w) = w**3 - 6*w**2 + 4*w - 4. Let s be m(5). What is the remainder when 46 is divided by (s + -1)*18/(-15)?
10
Let q = -24 - -35. Let v be 2/(2/(-7)*-1). Let a = 11 - v. Calculate the remainder when q is divided by a.
3
Suppose 6*y - 80 = y. Calculate the remainder when (-930)/20*(-4)/6 is divided by y.
15
Suppose 7*c = 3*c. Let m be (-1 + c)/(2/(-106)). Suppose 23 = 4*o - 5*r, 4*o - m = -0*o - r. Calculate the remainder when 35 is divided by o.
11
Let p = -7 - -37. Suppose -p = 5*t - 8*t. Calculate the remainder when